{"id":56715,"date":"2025-03-31T09:31:23","date_gmt":"2025-03-31T07:31:23","guid":{"rendered":"https:\/\/www.palexco.com\/evento\/xxxvi-national-congress-of-the-fsed\/"},"modified":"2025-03-31T09:31:23","modified_gmt":"2025-03-31T07:31:23","slug":"xxxvi-national-congress-of-the-fsed","status":"publish","type":"tribe_events","link":"https:\/\/www.palexco.com\/en\/evento\/xxxvi-national-congress-of-the-fsed\/","title":{"rendered":"XXXVI National Congress of the FSED"},"content":{"rendered":"<p>For the first time in the history of the Fundaci\u00f3n Sociedad Espa\u00f1ola Diabetes, we will hold the XXXVI Congress in La Coru\u00f1a, which is an important event and an honor for us, which is why we are very excited. <\/p>\n<p>La Coru\u00f1a is a city surrounded by the sea, with important tourist, gastronomic and, of course, scientific attractions. In Galicia we say that &#8220;La Coru\u00f1a is the city where nobody is a stranger&#8221; and we would like to achieve that in your visit. <\/p>\n<p>We look forward to sharing and exchanging experiences in general Diabetes care, including advances in technology and innovation, with all of you. Learning new things will allow us to make further progress in improving the management of people with Diabetes. <\/p>\n<p>To this end, we are already working and preparing a scientific program that we hope will be of interest and pleasure to all and that will be at the level that our Society has been repeating year after year.<\/p>\n","protected":false},"excerpt":{"rendered":"<p>The XXXVI FSED National Congress arrives for the first time in A Coru\u00f1a at Palexco, from April 23rd to 25th. Get your ticket! <\/p>\n","protected":false},"author":3,"featured_media":56573,"template":"","meta":{"_monsterinsights_skip_tracking":false,"_monsterinsights_sitenote_active":false,"_monsterinsights_sitenote_note":"","_monsterinsights_sitenote_category":0,"_tribe_events_status":"","_tribe_events_status_reason":"","footnotes":""},"tags":[],"tribe_events_cat":[316],"class_list":["post-56715","tribe_events","type-tribe_events","status-publish","has-post-thumbnail","hentry","tribe_events_cat-congress","cat_congress","description-off"],"yoast_head":"<!-- This site is optimized with the Yoast SEO plugin v27.5 - https:\/\/yoast.com\/product\/yoast-seo-wordpress\/ -->\n<title>XXXVI National Congress of the FSED - Palexco<\/title>\n<meta name=\"description\" content=\"The XXXVI FSED National Congress arrives for the first time in A Coru\u00f1a at Palexco, from April 23rd to 25th. Get your ticket!\" \/>\n<meta name=\"robots\" content=\"index, follow, max-snippet:-1, max-image-preview:large, max-video-preview:-1\" \/>\n<link rel=\"canonical\" href=\"https:\/\/www.palexco.com\/en\/evento\/xxxvi-national-congress-of-the-fsed\/\" \/>\n<meta property=\"og:locale\" content=\"en_US\" \/>\n<meta property=\"og:type\" content=\"article\" \/>\n<meta property=\"og:title\" content=\"XXXVI National Congress of the FSED - Palexco Palexco.\" \/>\n<meta property=\"og:description\" content=\"The XXXVI FSED National Congress arrives for the first time in A Coru\u00f1a at Palexco, from April 23rd to 25th. Get your ticket!\" \/>\n<meta property=\"og:url\" content=\"https:\/\/www.palexco.com\/en\/evento\/xxxvi-national-congress-of-the-fsed\/\" \/>\n<meta property=\"og:site_name\" content=\"Palexco\" \/>\n<meta property=\"article:publisher\" content=\"https:\/\/www.facebook.com\/Palexco\/\" \/>\n<meta property=\"og:image\" content=\"https:\/\/www.palexco.com\/wp-content\/uploads\/2025\/03\/1741770119204.jpg\" \/>\n<meta name=\"twitter:card\" content=\"summary_large_image\" \/>\n<meta name=\"twitter:title\" content=\"XXXVI National Congress of the FSED - Palexco Palexco.\" \/>\n<meta name=\"twitter:description\" content=\"The XXXVI FSED National Congress arrives for the first time in A Coru\u00f1a at Palexco, from April 23rd to 25th. Get your ticket!\" \/>\n<meta name=\"twitter:image\" content=\"https:\/\/www.palexco.com\/wp-content\/uploads\/2025\/03\/1741770119204.jpg\" \/>\n<meta name=\"twitter:site\" content=\"@Palexco\" \/>\n<meta name=\"twitter:label1\" content=\"Est. reading time\" \/>\n\t<meta name=\"twitter:data1\" content=\"1 minute\" \/>\n<script type=\"application\/ld+json\" class=\"yoast-schema-graph\">{\"@context\":\"https:\\\/\\\/schema.org\",\"@graph\":[{\"@type\":\"WebPage\",\"@id\":\"https:\\\/\\\/www.palexco.com\\\/en\\\/evento\\\/xxxvi-national-congress-of-the-fsed\\\/\",\"url\":\"https:\\\/\\\/www.palexco.com\\\/en\\\/evento\\\/xxxvi-national-congress-of-the-fsed\\\/\",\"name\":\"XXXVI National Congress of the FSED - Palexco\",\"isPartOf\":{\"@id\":\"https:\\\/\\\/www.palexco.com\\\/en\\\/#website\"},\"primaryImageOfPage\":{\"@id\":\"https:\\\/\\\/www.palexco.com\\\/en\\\/evento\\\/xxxvi-national-congress-of-the-fsed\\\/#primaryimage\"},\"image\":{\"@id\":\"https:\\\/\\\/www.palexco.com\\\/en\\\/evento\\\/xxxvi-national-congress-of-the-fsed\\\/#primaryimage\"},\"thumbnailUrl\":\"https:\\\/\\\/www.palexco.com\\\/wp-content\\\/uploads\\\/2025\\\/03\\\/1741770119204.jpg\",\"datePublished\":\"2025-03-31T07:31:23+00:00\",\"description\":\"The XXXVI FSED National Congress arrives for the first time in A Coru\u00f1a at Palexco, from April 23rd to 25th. Get your ticket!\",\"breadcrumb\":{\"@id\":\"https:\\\/\\\/www.palexco.com\\\/en\\\/evento\\\/xxxvi-national-congress-of-the-fsed\\\/#breadcrumb\"},\"inLanguage\":\"en-US\",\"potentialAction\":[{\"@type\":\"ReadAction\",\"target\":[\"https:\\\/\\\/www.palexco.com\\\/en\\\/evento\\\/xxxvi-national-congress-of-the-fsed\\\/\"]}]},{\"@type\":\"ImageObject\",\"inLanguage\":\"en-US\",\"@id\":\"https:\\\/\\\/www.palexco.com\\\/en\\\/evento\\\/xxxvi-national-congress-of-the-fsed\\\/#primaryimage\",\"url\":\"https:\\\/\\\/www.palexco.com\\\/wp-content\\\/uploads\\\/2025\\\/03\\\/1741770119204.jpg\",\"contentUrl\":\"https:\\\/\\\/www.palexco.com\\\/wp-content\\\/uploads\\\/2025\\\/03\\\/1741770119204.jpg\",\"width\":1280,\"height\":1024,\"caption\":\"XXXVI congreso nacional de la FSED\"},{\"@type\":\"BreadcrumbList\",\"@id\":\"https:\\\/\\\/www.palexco.com\\\/en\\\/evento\\\/xxxvi-national-congress-of-the-fsed\\\/#breadcrumb\",\"itemListElement\":[{\"@type\":\"ListItem\",\"position\":1,\"name\":\"Portada\",\"item\":\"https:\\\/\\\/www.palexco.com\\\/en\\\/\"},{\"@type\":\"ListItem\",\"position\":2,\"name\":\"Events\",\"item\":\"https:\\\/\\\/www.palexco.com\\\/en\\\/agenda\\\/\"},{\"@type\":\"ListItem\",\"position\":3,\"name\":\"XXXVI National Congress of the FSED\"}]},{\"@type\":\"WebSite\",\"@id\":\"https:\\\/\\\/www.palexco.com\\\/en\\\/#website\",\"url\":\"https:\\\/\\\/www.palexco.com\\\/en\\\/\",\"name\":\"PALEXCO\",\"description\":\"Exposition and conference palace\",\"publisher\":{\"@id\":\"https:\\\/\\\/www.palexco.com\\\/en\\\/#organization\"},\"potentialAction\":[{\"@type\":\"SearchAction\",\"target\":{\"@type\":\"EntryPoint\",\"urlTemplate\":\"https:\\\/\\\/www.palexco.com\\\/en\\\/?s={search_term_string}\"},\"query-input\":{\"@type\":\"PropertyValueSpecification\",\"valueRequired\":true,\"valueName\":\"search_term_string\"}}],\"inLanguage\":\"en-US\"},{\"@type\":\"Organization\",\"@id\":\"https:\\\/\\\/www.palexco.com\\\/en\\\/#organization\",\"name\":\"PALEXCO\",\"url\":\"https:\\\/\\\/www.palexco.com\\\/en\\\/\",\"logo\":{\"@type\":\"ImageObject\",\"inLanguage\":\"en-US\",\"@id\":\"https:\\\/\\\/www.palexco.com\\\/en\\\/#\\\/schema\\\/logo\\\/image\\\/\",\"url\":\"https:\\\/\\\/www.palexco.com\\\/wp-content\\\/uploads\\\/2018\\\/10\\\/logo-Palexco-220.png\",\"contentUrl\":\"https:\\\/\\\/www.palexco.com\\\/wp-content\\\/uploads\\\/2018\\\/10\\\/logo-Palexco-220.png\",\"width\":220,\"height\":76,\"caption\":\"PALEXCO\"},\"image\":{\"@id\":\"https:\\\/\\\/www.palexco.com\\\/en\\\/#\\\/schema\\\/logo\\\/image\\\/\"},\"sameAs\":[\"https:\\\/\\\/www.facebook.com\\\/Palexco\\\/\",\"https:\\\/\\\/x.com\\\/Palexco\",\"https:\\\/\\\/www.instagram.com\\\/palexcocoruna\\\/\"]}]}<\/script>\n<!-- \/ Yoast SEO plugin. -->","yoast_head_json":{"title":"XXXVI National Congress of the FSED - Palexco","description":"The XXXVI FSED National Congress arrives for the first time in A Coru\u00f1a at Palexco, from April 23rd to 25th. Get your ticket!","robots":{"index":"index","follow":"follow","max-snippet":"max-snippet:-1","max-image-preview":"max-image-preview:large","max-video-preview":"max-video-preview:-1"},"canonical":"https:\/\/www.palexco.com\/en\/evento\/xxxvi-national-congress-of-the-fsed\/","og_locale":"en_US","og_type":"article","og_title":"XXXVI National Congress of the FSED - Palexco Palexco.","og_description":"The XXXVI FSED National Congress arrives for the first time in A Coru\u00f1a at Palexco, from April 23rd to 25th. Get your ticket!","og_url":"https:\/\/www.palexco.com\/en\/evento\/xxxvi-national-congress-of-the-fsed\/","og_site_name":"Palexco","article_publisher":"https:\/\/www.facebook.com\/Palexco\/","og_image":[{"url":"https:\/\/www.palexco.com\/wp-content\/uploads\/2025\/03\/1741770119204.jpg","type":"","width":"","height":""}],"twitter_card":"summary_large_image","twitter_title":"XXXVI National Congress of the FSED - Palexco Palexco.","twitter_description":"The XXXVI FSED National Congress arrives for the first time in A Coru\u00f1a at Palexco, from April 23rd to 25th. Get your ticket!","twitter_image":"https:\/\/www.palexco.com\/wp-content\/uploads\/2025\/03\/1741770119204.jpg","twitter_site":"@Palexco","twitter_misc":{"Est. reading time":"1 minute"},"schema":{"@context":"https:\/\/schema.org","@graph":[{"@type":"WebPage","@id":"https:\/\/www.palexco.com\/en\/evento\/xxxvi-national-congress-of-the-fsed\/","url":"https:\/\/www.palexco.com\/en\/evento\/xxxvi-national-congress-of-the-fsed\/","name":"XXXVI National Congress of the FSED - Palexco","isPartOf":{"@id":"https:\/\/www.palexco.com\/en\/#website"},"primaryImageOfPage":{"@id":"https:\/\/www.palexco.com\/en\/evento\/xxxvi-national-congress-of-the-fsed\/#primaryimage"},"image":{"@id":"https:\/\/www.palexco.com\/en\/evento\/xxxvi-national-congress-of-the-fsed\/#primaryimage"},"thumbnailUrl":"https:\/\/www.palexco.com\/wp-content\/uploads\/2025\/03\/1741770119204.jpg","datePublished":"2025-03-31T07:31:23+00:00","description":"The XXXVI FSED National Congress arrives for the first time in A Coru\u00f1a at Palexco, from April 23rd to 25th. Get your ticket!","breadcrumb":{"@id":"https:\/\/www.palexco.com\/en\/evento\/xxxvi-national-congress-of-the-fsed\/#breadcrumb"},"inLanguage":"en-US","potentialAction":[{"@type":"ReadAction","target":["https:\/\/www.palexco.com\/en\/evento\/xxxvi-national-congress-of-the-fsed\/"]}]},{"@type":"ImageObject","inLanguage":"en-US","@id":"https:\/\/www.palexco.com\/en\/evento\/xxxvi-national-congress-of-the-fsed\/#primaryimage","url":"https:\/\/www.palexco.com\/wp-content\/uploads\/2025\/03\/1741770119204.jpg","contentUrl":"https:\/\/www.palexco.com\/wp-content\/uploads\/2025\/03\/1741770119204.jpg","width":1280,"height":1024,"caption":"XXXVI congreso nacional de la FSED"},{"@type":"BreadcrumbList","@id":"https:\/\/www.palexco.com\/en\/evento\/xxxvi-national-congress-of-the-fsed\/#breadcrumb","itemListElement":[{"@type":"ListItem","position":1,"name":"Portada","item":"https:\/\/www.palexco.com\/en\/"},{"@type":"ListItem","position":2,"name":"Events","item":"https:\/\/www.palexco.com\/en\/agenda\/"},{"@type":"ListItem","position":3,"name":"XXXVI National Congress of the FSED"}]},{"@type":"WebSite","@id":"https:\/\/www.palexco.com\/en\/#website","url":"https:\/\/www.palexco.com\/en\/","name":"PALEXCO","description":"Exposition and conference palace","publisher":{"@id":"https:\/\/www.palexco.com\/en\/#organization"},"potentialAction":[{"@type":"SearchAction","target":{"@type":"EntryPoint","urlTemplate":"https:\/\/www.palexco.com\/en\/?s={search_term_string}"},"query-input":{"@type":"PropertyValueSpecification","valueRequired":true,"valueName":"search_term_string"}}],"inLanguage":"en-US"},{"@type":"Organization","@id":"https:\/\/www.palexco.com\/en\/#organization","name":"PALEXCO","url":"https:\/\/www.palexco.com\/en\/","logo":{"@type":"ImageObject","inLanguage":"en-US","@id":"https:\/\/www.palexco.com\/en\/#\/schema\/logo\/image\/","url":"https:\/\/www.palexco.com\/wp-content\/uploads\/2018\/10\/logo-Palexco-220.png","contentUrl":"https:\/\/www.palexco.com\/wp-content\/uploads\/2018\/10\/logo-Palexco-220.png","width":220,"height":76,"caption":"PALEXCO"},"image":{"@id":"https:\/\/www.palexco.com\/en\/#\/schema\/logo\/image\/"},"sameAs":["https:\/\/www.facebook.com\/Palexco\/","https:\/\/x.com\/Palexco","https:\/\/www.instagram.com\/palexcocoruna\/"]}]}},"_links":{"self":[{"href":"https:\/\/www.palexco.com\/en\/wp-json\/wp\/v2\/tribe_events\/56715","targetHints":{"allow":["GET"]}}],"collection":[{"href":"https:\/\/www.palexco.com\/en\/wp-json\/wp\/v2\/tribe_events"}],"about":[{"href":"https:\/\/www.palexco.com\/en\/wp-json\/wp\/v2\/types\/tribe_events"}],"author":[{"embeddable":true,"href":"https:\/\/www.palexco.com\/en\/wp-json\/wp\/v2\/users\/3"}],"version-history":[{"count":0,"href":"https:\/\/www.palexco.com\/en\/wp-json\/wp\/v2\/tribe_events\/56715\/revisions"}],"wp:featuredmedia":[{"embeddable":true,"href":"https:\/\/www.palexco.com\/en\/wp-json\/wp\/v2\/media\/56573"}],"wp:attachment":[{"href":"https:\/\/www.palexco.com\/en\/wp-json\/wp\/v2\/media?parent=56715"}],"wp:term":[{"taxonomy":"post_tag","embeddable":true,"href":"https:\/\/www.palexco.com\/en\/wp-json\/wp\/v2\/tags?post=56715"},{"taxonomy":"tribe_events_cat","embeddable":true,"href":"https:\/\/www.palexco.com\/en\/wp-json\/wp\/v2\/tribe_events_cat?post=56715"}],"curies":[{"name":"wp","href":"https:\/\/api.w.org\/{rel}","templated":true}]}}

<p>For the first time in the history of the Fundación Sociedad Española Diabetes, we will hold the XXXVI Congress in La Coruña, which is an important event and an honor for us, which is why we are very excited. </p>
<p>La Coruña is a city surrounded by the sea, with important tourist, gastronomic and, of course, scientific attractions. In Galicia we say that &#8220;La Coruña is the city where nobody is a stranger&#8221; and we would like to achieve that in your visit. </p>
<p>We look forward to sharing and exchanging experiences in general Diabetes care, including advances in technology and innovation, with all of you. Learning new things will allow us to make further progress in improving the management of people with Diabetes. </p>
<p>To this end, we are already working and preparing a scientific program that we hope will be of interest and pleasure to all and that will be at the level that our Society has been repeating year after year.</p>

<p>The XXXVI FSED National Congress arrives for the first time in A Coruña at Palexco, from April 23rd to 25th. Get your ticket! </p>

<!-- This site is optimized with the Yoast SEO plugin v27.5 - https://yoast.com/product/yoast-seo-wordpress/ -->
<title>XXXVI National Congress of the FSED - Palexco</title>
<meta name="description" content="The XXXVI FSED National Congress arrives for the first time in A Coruña at Palexco, from April 23rd to 25th. Get your ticket!" />
<meta name="robots" content="index, follow, max-snippet:-1, max-image-preview:large, max-video-preview:-1" />
<link rel="canonical" href="https://www.palexco.com/en/evento/xxxvi-national-congress-of-the-fsed/" />
<meta property="og:locale" content="en_US" />
<meta property="og:type" content="article" />
<meta property="og:title" content="XXXVI National Congress of the FSED - Palexco Palexco." />
<meta property="og:description" content="The XXXVI FSED National Congress arrives for the first time in A Coruña at Palexco, from April 23rd to 25th. Get your ticket!" />
<meta property="og:url" content="https://www.palexco.com/en/evento/xxxvi-national-congress-of-the-fsed/" />
<meta property="og:site_name" content="Palexco" />
<meta property="article:publisher" content="https://www.facebook.com/Palexco/" />
<meta property="og:image" content="https://www.palexco.com/wp-content/uploads/2025/03/1741770119204.jpg" />
<meta name="twitter:card" content="summary_large_image" />
<meta name="twitter:title" content="XXXVI National Congress of the FSED - Palexco Palexco." />
<meta name="twitter:description" content="The XXXVI FSED National Congress arrives for the first time in A Coruña at Palexco, from April 23rd to 25th. Get your ticket!" />
<meta name="twitter:image" content="https://www.palexco.com/wp-content/uploads/2025/03/1741770119204.jpg" />
<meta name="twitter:site" content="@Palexco" />
<meta name="twitter:label1" content="Est. reading time" />
	<meta name="twitter:data1" content="1 minute" />
<script type="application/ld+json" class="yoast-schema-graph">{"@context":"https:\/\/schema.org","@graph":[{"@type":"WebPage","@id":"https:\/\/www.palexco.com\/en\/evento\/xxxvi-national-congress-of-the-fsed\/","url":"https:\/\/www.palexco.com\/en\/evento\/xxxvi-national-congress-of-the-fsed\/","name":"XXXVI National Congress of the FSED - Palexco","isPartOf":{"@id":"https:\/\/www.palexco.com\/en\/#website"},"primaryImageOfPage":{"@id":"https:\/\/www.palexco.com\/en\/evento\/xxxvi-national-congress-of-the-fsed\/#primaryimage"},"image":{"@id":"https:\/\/www.palexco.com\/en\/evento\/xxxvi-national-congress-of-the-fsed\/#primaryimage"},"thumbnailUrl":"https:\/\/www.palexco.com\/wp-content\/uploads\/2025\/03\/1741770119204.jpg","datePublished":"2025-03-31T07:31:23+00:00","description":"The XXXVI FSED National Congress arrives for the first time in A Coruña at Palexco, from April 23rd to 25th. Get your ticket!","breadcrumb":{"@id":"https:\/\/www.palexco.com\/en\/evento\/xxxvi-national-congress-of-the-fsed\/#breadcrumb"},"inLanguage":"en-US","potentialAction":[{"@type":"ReadAction","target":["https:\/\/www.palexco.com\/en\/evento\/xxxvi-national-congress-of-the-fsed\/"]}]},{"@type":"ImageObject","inLanguage":"en-US","@id":"https:\/\/www.palexco.com\/en\/evento\/xxxvi-national-congress-of-the-fsed\/#primaryimage","url":"https:\/\/www.palexco.com\/wp-content\/uploads\/2025\/03\/1741770119204.jpg","contentUrl":"https:\/\/www.palexco.com\/wp-content\/uploads\/2025\/03\/1741770119204.jpg","width":1280,"height":1024,"caption":"XXXVI congreso nacional de la FSED"},{"@type":"BreadcrumbList","@id":"https:\/\/www.palexco.com\/en\/evento\/xxxvi-national-congress-of-the-fsed\/#breadcrumb","itemListElement":[{"@type":"ListItem","position":1,"name":"Portada","item":"https:\/\/www.palexco.com\/en\/"},{"@type":"ListItem","position":2,"name":"Events","item":"https:\/\/www.palexco.com\/en\/agenda\/"},{"@type":"ListItem","position":3,"name":"XXXVI National Congress of the FSED"}]},{"@type":"WebSite","@id":"https:\/\/www.palexco.com\/en\/#website","url":"https:\/\/www.palexco.com\/en\/","name":"PALEXCO","description":"Exposition and conference palace","publisher":{"@id":"https:\/\/www.palexco.com\/en\/#organization"},"potentialAction":[{"@type":"SearchAction","target":{"@type":"EntryPoint","urlTemplate":"https:\/\/www.palexco.com\/en\/?s={search_term_string}"},"query-input":{"@type":"PropertyValueSpecification","valueRequired":true,"valueName":"search_term_string"}}],"inLanguage":"en-US"},{"@type":"Organization","@id":"https:\/\/www.palexco.com\/en\/#organization","name":"PALEXCO","url":"https:\/\/www.palexco.com\/en\/","logo":{"@type":"ImageObject","inLanguage":"en-US","@id":"https:\/\/www.palexco.com\/en\/#\/schema\/logo\/image\/","url":"https:\/\/www.palexco.com\/wp-content\/uploads\/2018\/10\/logo-Palexco-220.png","contentUrl":"https:\/\/www.palexco.com\/wp-content\/uploads\/2018\/10\/logo-Palexco-220.png","width":220,"height":76,"caption":"PALEXCO"},"image":{"@id":"https:\/\/www.palexco.com\/en\/#\/schema\/logo\/image\/"},"sameAs":["https:\/\/www.facebook.com\/Palexco\/","https:\/\/x.com\/Palexco","https:\/\/www.instagram.com\/palexcocoruna\/"]}]}</script>
<!-- / Yoast SEO plugin. -->

The XXXVI FSED National Congress arrives for the first time in A Coruña at Palexco, from April 23rd to 25th. Get your ticket!
