{"id":57512,"date":"2025-08-01T14:37:09","date_gmt":"2025-08-01T12:37:09","guid":{"rendered":"https:\/\/www.palexco.com\/evento\/we-are-criminais-and-period-2\/"},"modified":"2025-08-01T14:37:09","modified_gmt":"2025-08-01T12:37:09","slug":"we-are-criminais-and-period-2","status":"publish","type":"tribe_events","link":"https:\/\/www.palexco.com\/en\/evento\/we-are-criminais-and-period-2\/","title":{"rendered":"We are Criminais and period"},"content":{"rendered":"<p>It is just over an hour to the end of the world. In Galicia, a ship, the Arteixo II, is about to take off with a few chosen ones on board towards a planet where they will start a new life. The captains of the ship, Carlos Blanco and Touri\u00f1\u00e1n, are in charge of the successful evacuation and of putting into this Galician Noah&#8217;s Ark all our most precious human, material and immaterial heritage, so that the new land to which we will emigrate will continue to be criminal.  <\/p>\n<p>Carlos Blanco and Xos\u00e9 A. Touri\u00f1\u00e1n put an end to one of the most successful projects of Galician theater in recent decades with a new show that will tour throughout Galicia this 2025.<\/p>\n","protected":false},"excerpt":{"rendered":"<p>Somos Criminais e punto final arrives at Palexco on November 1, 2025 at 23:00h. Get your ticket and do not miss it. <\/p>\n","protected":false},"author":3,"featured_media":56672,"template":"","meta":{"_monsterinsights_skip_tracking":false,"_monsterinsights_sitenote_active":false,"_monsterinsights_sitenote_note":"","_monsterinsights_sitenote_category":0,"_tribe_events_status":"","_tribe_events_status_reason":"","footnotes":""},"tags":[],"tribe_events_cat":[313],"class_list":["post-57512","tribe_events","type-tribe_events","status-publish","has-post-thumbnail","hentry","tribe_events_cat-humor-en","cat_humor-en","description-off"],"yoast_head":"<!-- This site is optimized with the Yoast SEO plugin v27.5 - https:\/\/yoast.com\/product\/yoast-seo-wordpress\/ -->\n<title>We are Criminais and period - Palexco<\/title>\n<meta name=\"description\" content=\"Somos Criminais e punto final arrives at Palexco on November 1, 2025 at 23:00h. Get your ticket and do not miss it.\" \/>\n<meta name=\"robots\" content=\"index, follow, max-snippet:-1, max-image-preview:large, max-video-preview:-1\" \/>\n<link rel=\"canonical\" href=\"https:\/\/www.palexco.com\/en\/evento\/we-are-criminais-and-period-2\/\" \/>\n<meta property=\"og:locale\" content=\"en_US\" \/>\n<meta property=\"og:type\" content=\"article\" \/>\n<meta property=\"og:title\" content=\"We are Criminais and period - Palexco Palexco.\" \/>\n<meta property=\"og:description\" content=\"Somos Criminais e punto final arrives at Palexco on November 1, 2025 at 23:00h. Get your ticket and do not miss it.\" \/>\n<meta property=\"og:url\" content=\"https:\/\/www.palexco.com\/en\/evento\/we-are-criminais-and-period-2\/\" \/>\n<meta property=\"og:site_name\" content=\"Palexco\" \/>\n<meta property=\"article:publisher\" content=\"https:\/\/www.facebook.com\/Palexco\/\" \/>\n<meta property=\"og:image\" content=\"https:\/\/www.palexco.com\/wp-content\/uploads\/2025\/04\/public-286x300.jpg\" \/>\n<meta name=\"twitter:card\" content=\"summary_large_image\" \/>\n<meta name=\"twitter:title\" content=\"We are Criminais and period - Palexco Palexco.\" \/>\n<meta name=\"twitter:description\" content=\"Somos Criminais e punto final arrives at Palexco on November 1, 2025 at 23:00h. Get your ticket and do not miss it.\" \/>\n<meta name=\"twitter:image\" content=\"https:\/\/www.palexco.com\/wp-content\/uploads\/2025\/04\/public.jpg\" \/>\n<meta name=\"twitter:site\" content=\"@Palexco\" \/>\n<meta name=\"twitter:label1\" content=\"Est. reading time\" \/>\n\t<meta name=\"twitter:data1\" content=\"1 minute\" \/>\n<script type=\"application\/ld+json\" class=\"yoast-schema-graph\">{\"@context\":\"https:\\\/\\\/schema.org\",\"@graph\":[{\"@type\":\"WebPage\",\"@id\":\"https:\\\/\\\/www.palexco.com\\\/en\\\/evento\\\/we-are-criminais-and-period-2\\\/\",\"url\":\"https:\\\/\\\/www.palexco.com\\\/en\\\/evento\\\/we-are-criminais-and-period-2\\\/\",\"name\":\"We are Criminais and period - Palexco\",\"isPartOf\":{\"@id\":\"https:\\\/\\\/www.palexco.com\\\/en\\\/#website\"},\"primaryImageOfPage\":{\"@id\":\"https:\\\/\\\/www.palexco.com\\\/en\\\/evento\\\/we-are-criminais-and-period-2\\\/#primaryimage\"},\"image\":{\"@id\":\"https:\\\/\\\/www.palexco.com\\\/en\\\/evento\\\/we-are-criminais-and-period-2\\\/#primaryimage\"},\"thumbnailUrl\":\"https:\\\/\\\/www.palexco.com\\\/wp-content\\\/uploads\\\/2025\\\/04\\\/public.jpg\",\"datePublished\":\"2025-08-01T12:37:09+00:00\",\"description\":\"Somos Criminais e punto final arrives at Palexco on November 1, 2025 at 23:00h. Get your ticket and do not miss it.\",\"breadcrumb\":{\"@id\":\"https:\\\/\\\/www.palexco.com\\\/en\\\/evento\\\/we-are-criminais-and-period-2\\\/#breadcrumb\"},\"inLanguage\":\"en-US\",\"potentialAction\":[{\"@type\":\"ReadAction\",\"target\":[\"https:\\\/\\\/www.palexco.com\\\/en\\\/evento\\\/we-are-criminais-and-period-2\\\/\"]}]},{\"@type\":\"ImageObject\",\"inLanguage\":\"en-US\",\"@id\":\"https:\\\/\\\/www.palexco.com\\\/en\\\/evento\\\/we-are-criminais-and-period-2\\\/#primaryimage\",\"url\":\"https:\\\/\\\/www.palexco.com\\\/wp-content\\\/uploads\\\/2025\\\/04\\\/public.jpg\",\"contentUrl\":\"https:\\\/\\\/www.palexco.com\\\/wp-content\\\/uploads\\\/2025\\\/04\\\/public.jpg\",\"width\":733,\"height\":768,\"caption\":\"somos criminais\"},{\"@type\":\"BreadcrumbList\",\"@id\":\"https:\\\/\\\/www.palexco.com\\\/en\\\/evento\\\/we-are-criminais-and-period-2\\\/#breadcrumb\",\"itemListElement\":[{\"@type\":\"ListItem\",\"position\":1,\"name\":\"Portada\",\"item\":\"https:\\\/\\\/www.palexco.com\\\/en\\\/\"},{\"@type\":\"ListItem\",\"position\":2,\"name\":\"Events\",\"item\":\"https:\\\/\\\/www.palexco.com\\\/en\\\/agenda\\\/\"},{\"@type\":\"ListItem\",\"position\":3,\"name\":\"We are Criminais and period\"}]},{\"@type\":\"WebSite\",\"@id\":\"https:\\\/\\\/www.palexco.com\\\/en\\\/#website\",\"url\":\"https:\\\/\\\/www.palexco.com\\\/en\\\/\",\"name\":\"PALEXCO\",\"description\":\"Exposition and conference palace\",\"publisher\":{\"@id\":\"https:\\\/\\\/www.palexco.com\\\/en\\\/#organization\"},\"potentialAction\":[{\"@type\":\"SearchAction\",\"target\":{\"@type\":\"EntryPoint\",\"urlTemplate\":\"https:\\\/\\\/www.palexco.com\\\/en\\\/?s={search_term_string}\"},\"query-input\":{\"@type\":\"PropertyValueSpecification\",\"valueRequired\":true,\"valueName\":\"search_term_string\"}}],\"inLanguage\":\"en-US\"},{\"@type\":\"Organization\",\"@id\":\"https:\\\/\\\/www.palexco.com\\\/en\\\/#organization\",\"name\":\"PALEXCO\",\"url\":\"https:\\\/\\\/www.palexco.com\\\/en\\\/\",\"logo\":{\"@type\":\"ImageObject\",\"inLanguage\":\"en-US\",\"@id\":\"https:\\\/\\\/www.palexco.com\\\/en\\\/#\\\/schema\\\/logo\\\/image\\\/\",\"url\":\"https:\\\/\\\/www.palexco.com\\\/wp-content\\\/uploads\\\/2018\\\/10\\\/logo-Palexco-220.png\",\"contentUrl\":\"https:\\\/\\\/www.palexco.com\\\/wp-content\\\/uploads\\\/2018\\\/10\\\/logo-Palexco-220.png\",\"width\":220,\"height\":76,\"caption\":\"PALEXCO\"},\"image\":{\"@id\":\"https:\\\/\\\/www.palexco.com\\\/en\\\/#\\\/schema\\\/logo\\\/image\\\/\"},\"sameAs\":[\"https:\\\/\\\/www.facebook.com\\\/Palexco\\\/\",\"https:\\\/\\\/x.com\\\/Palexco\",\"https:\\\/\\\/www.instagram.com\\\/palexcocoruna\\\/\"]}]}<\/script>\n<!-- \/ Yoast SEO plugin. -->","yoast_head_json":{"title":"We are Criminais and period - Palexco","description":"Somos Criminais e punto final arrives at Palexco on November 1, 2025 at 23:00h. Get your ticket and do not miss it.","robots":{"index":"index","follow":"follow","max-snippet":"max-snippet:-1","max-image-preview":"max-image-preview:large","max-video-preview":"max-video-preview:-1"},"canonical":"https:\/\/www.palexco.com\/en\/evento\/we-are-criminais-and-period-2\/","og_locale":"en_US","og_type":"article","og_title":"We are Criminais and period - Palexco Palexco.","og_description":"Somos Criminais e punto final arrives at Palexco on November 1, 2025 at 23:00h. Get your ticket and do not miss it.","og_url":"https:\/\/www.palexco.com\/en\/evento\/we-are-criminais-and-period-2\/","og_site_name":"Palexco","article_publisher":"https:\/\/www.facebook.com\/Palexco\/","og_image":[{"url":"https:\/\/www.palexco.com\/wp-content\/uploads\/2025\/04\/public-286x300.jpg","type":"","width":"","height":""}],"twitter_card":"summary_large_image","twitter_title":"We are Criminais and period - Palexco Palexco.","twitter_description":"Somos Criminais e punto final arrives at Palexco on November 1, 2025 at 23:00h. Get your ticket and do not miss it.","twitter_image":"https:\/\/www.palexco.com\/wp-content\/uploads\/2025\/04\/public.jpg","twitter_site":"@Palexco","twitter_misc":{"Est. reading time":"1 minute"},"schema":{"@context":"https:\/\/schema.org","@graph":[{"@type":"WebPage","@id":"https:\/\/www.palexco.com\/en\/evento\/we-are-criminais-and-period-2\/","url":"https:\/\/www.palexco.com\/en\/evento\/we-are-criminais-and-period-2\/","name":"We are Criminais and period - Palexco","isPartOf":{"@id":"https:\/\/www.palexco.com\/en\/#website"},"primaryImageOfPage":{"@id":"https:\/\/www.palexco.com\/en\/evento\/we-are-criminais-and-period-2\/#primaryimage"},"image":{"@id":"https:\/\/www.palexco.com\/en\/evento\/we-are-criminais-and-period-2\/#primaryimage"},"thumbnailUrl":"https:\/\/www.palexco.com\/wp-content\/uploads\/2025\/04\/public.jpg","datePublished":"2025-08-01T12:37:09+00:00","description":"Somos Criminais e punto final arrives at Palexco on November 1, 2025 at 23:00h. Get your ticket and do not miss it.","breadcrumb":{"@id":"https:\/\/www.palexco.com\/en\/evento\/we-are-criminais-and-period-2\/#breadcrumb"},"inLanguage":"en-US","potentialAction":[{"@type":"ReadAction","target":["https:\/\/www.palexco.com\/en\/evento\/we-are-criminais-and-period-2\/"]}]},{"@type":"ImageObject","inLanguage":"en-US","@id":"https:\/\/www.palexco.com\/en\/evento\/we-are-criminais-and-period-2\/#primaryimage","url":"https:\/\/www.palexco.com\/wp-content\/uploads\/2025\/04\/public.jpg","contentUrl":"https:\/\/www.palexco.com\/wp-content\/uploads\/2025\/04\/public.jpg","width":733,"height":768,"caption":"somos criminais"},{"@type":"BreadcrumbList","@id":"https:\/\/www.palexco.com\/en\/evento\/we-are-criminais-and-period-2\/#breadcrumb","itemListElement":[{"@type":"ListItem","position":1,"name":"Portada","item":"https:\/\/www.palexco.com\/en\/"},{"@type":"ListItem","position":2,"name":"Events","item":"https:\/\/www.palexco.com\/en\/agenda\/"},{"@type":"ListItem","position":3,"name":"We are Criminais and period"}]},{"@type":"WebSite","@id":"https:\/\/www.palexco.com\/en\/#website","url":"https:\/\/www.palexco.com\/en\/","name":"PALEXCO","description":"Exposition and conference palace","publisher":{"@id":"https:\/\/www.palexco.com\/en\/#organization"},"potentialAction":[{"@type":"SearchAction","target":{"@type":"EntryPoint","urlTemplate":"https:\/\/www.palexco.com\/en\/?s={search_term_string}"},"query-input":{"@type":"PropertyValueSpecification","valueRequired":true,"valueName":"search_term_string"}}],"inLanguage":"en-US"},{"@type":"Organization","@id":"https:\/\/www.palexco.com\/en\/#organization","name":"PALEXCO","url":"https:\/\/www.palexco.com\/en\/","logo":{"@type":"ImageObject","inLanguage":"en-US","@id":"https:\/\/www.palexco.com\/en\/#\/schema\/logo\/image\/","url":"https:\/\/www.palexco.com\/wp-content\/uploads\/2018\/10\/logo-Palexco-220.png","contentUrl":"https:\/\/www.palexco.com\/wp-content\/uploads\/2018\/10\/logo-Palexco-220.png","width":220,"height":76,"caption":"PALEXCO"},"image":{"@id":"https:\/\/www.palexco.com\/en\/#\/schema\/logo\/image\/"},"sameAs":["https:\/\/www.facebook.com\/Palexco\/","https:\/\/x.com\/Palexco","https:\/\/www.instagram.com\/palexcocoruna\/"]}]}},"_links":{"self":[{"href":"https:\/\/www.palexco.com\/en\/wp-json\/wp\/v2\/tribe_events\/57512","targetHints":{"allow":["GET"]}}],"collection":[{"href":"https:\/\/www.palexco.com\/en\/wp-json\/wp\/v2\/tribe_events"}],"about":[{"href":"https:\/\/www.palexco.com\/en\/wp-json\/wp\/v2\/types\/tribe_events"}],"author":[{"embeddable":true,"href":"https:\/\/www.palexco.com\/en\/wp-json\/wp\/v2\/users\/3"}],"version-history":[{"count":0,"href":"https:\/\/www.palexco.com\/en\/wp-json\/wp\/v2\/tribe_events\/57512\/revisions"}],"wp:featuredmedia":[{"embeddable":true,"href":"https:\/\/www.palexco.com\/en\/wp-json\/wp\/v2\/media\/56672"}],"wp:attachment":[{"href":"https:\/\/www.palexco.com\/en\/wp-json\/wp\/v2\/media?parent=57512"}],"wp:term":[{"taxonomy":"post_tag","embeddable":true,"href":"https:\/\/www.palexco.com\/en\/wp-json\/wp\/v2\/tags?post=57512"},{"taxonomy":"tribe_events_cat","embeddable":true,"href":"https:\/\/www.palexco.com\/en\/wp-json\/wp\/v2\/tribe_events_cat?post=57512"}],"curies":[{"name":"wp","href":"https:\/\/api.w.org\/{rel}","templated":true}]}}

<p>It is just over an hour to the end of the world. In Galicia, a ship, the Arteixo II, is about to take off with a few chosen ones on board towards a planet where they will start a new life. The captains of the ship, Carlos Blanco and Touriñán, are in charge of the successful evacuation and of putting into this Galician Noah&#8217;s Ark all our most precious human, material and immaterial heritage, so that the new land to which we will emigrate will continue to be criminal.  </p>
<p>Carlos Blanco and Xosé A. Touriñán put an end to one of the most successful projects of Galician theater in recent decades with a new show that will tour throughout Galicia this 2025.</p>
